14. Let w(n) = -5*n - 33. Determine w(h).
2
Let q(f) = -3*f - 2. Let x(w) = -386*w - 2314. Let t be x(-6). Calculate q(t).
-8
Let s(z) be the second derivative of 3*z**3/2 + 82*z**2 - z + 625. What is s(-18)?
2
Suppose 16*c = 25*c - 18. Let u(i) = -2*i**2 + 3*i - 8. Let m be u(c). Let y(x) = -x**3 - 9*x**2 + 9*x - 3. Determine y(m).
7
Let z be (-4 + 6)/((-5)/(-3) + -1). Let d(l) = 15*l**3 + z*l**2 - 6*l**2 + 1 + 2*l**2. Give d(-1).
-15
Let b(l) be the second derivative of -29*l**3/2 - 350*l**2 + 3*l + 1474. Determine b(-8).
-4
Let f(g) be the first derivative of 1/4*g**4 + 3*g + 0*g**2 - 9 - g**3. Give f(2).
-1
Let x(u) = -2*u**2 - 127*u + 69*u - 8 + 76*u. Let z = -142 + 151. Give x(z).
-8
Let g(i) = 43*i**2 - 4*i**3 - 30*i**2 - 13*i**2 + i - 16 + 5*i**3. Let x(w) = -w + 13. Let k be x(13). Give g(k).
-16
Let n(p) = 226*p - p**3 - 8*p**2 - 439*p + 50 + 214*p. Determine n(-7).
-6
Let s(w) be the second derivative of w**3/2 + 30*w**2 + 273*w. Calculate s(-16).
12
Let z(c) = -48*c**3 - 76*c**2 + 178*c + 879. Let w(f) = -10*f**3 - 15*f**2 + 36*f + 176. Let n(t) = 19*w(t) - 4*z(t). Calculate n(-10).
8
Let r be (2 - 0 - -3)/(30/30). Let o(c) = -13*c**3 + 33*c**2 - 19. Let a(b) = 3*b**3 - 8*b**2 + 5. Let z(n) = -9*a(n) - 2*o(n). Give z(r).
18
Let b(n) be the third derivative of -5*n**4/24 + 20*n**3/3 - 16*n**2 + 4. Determine b(9).
-5
Let x(w) be the second derivative of w**3/2 + 3*w**2/2 + 9167*w. Suppose -4*d + d = -30. Calculate x(d).
33
Let y(c) be the third derivative of c**4/24 + 25*c**3/6 + 22*c**2. Let r be y(-11). Let z be (-2)/r + 0 + (-43)/(-7). Let h(s) = 3*s + 2. What is h(z)?
20
Let l(r) = 7*r**3 + 12*r**2 + 69*r - 8. Let i(k) = -6*k**3 - 11*k**2 - 54*k + 7. Let j(u) = 5*i(u) + 4*l(u). Give j(-4).
-5
Let b(f) = f**2 - 2*f - 6. Let q = -5 - 1. Let m(t) = -t**3 - 5*t**2 + 7*t + 8. Let u be m(q). Let z be (-3)/((-22)/(-8) - u). Determine b(z).
18
Let x = -8 - -16. Suppose -37 + 19 = -3*b + 5*w, -2*w = 3*b + 3. Let q(i) = 6 - 3 - b - 1 + x*i. Determine q(-1).
-7
Let i(q) = -q + 3. Suppose -41*y + 20 = 61. Let a be (-567)/(-117) - (y + 33/39). Determine i(a).
-2
Let w(o) = -o**3 + 11*o**2 - 16*o - 21. Let f(x) = -x**2 - 83*x - 1640. Let h be f(-33). Determine w(h).
-81
Let z = 237 - 234. Suppose 3 = -z*k, -2*k = -i - 7*k. Let y(g) = g**3 - 6*g**2 + 2*g - 3. Determine y(i).
-18
Suppose 5*b - m + 34 = 3*m, 5*m = 5. Let q(z) be the first derivative of -z**2 + 2*z - 41. What is q(b)?
14
Let v(u) = 12 - 4 - 341*u + 338*u - 8. Let n be ((-6)/(-4))/(3/(-4)). Let l be (-5)/n*-2 + -1. Determine v(l).
18
Let x(k) = 13*k**2 + 15*k + 6. Let i(v) = 28*v**2 + 31*v + 11. Let t = -28 - -34. Let n(c) = t*i(c) - 13*x(c). Determine n(-6).
6
Let s(g) = -g**2 - 2*g + 2. Let x(l) = -4*l**2 - 17*l + 9. Let q(b) = -5*s(b) + x(b). Let z = 11 + -6. Give q(z).
-11
Let j(h) be the second derivative of -h**5/20 + 7*h**4/12 - 13*h**3/6 - h**2 + 591*h. Give j(6).
-44
Suppose 544 + 1605 = 7*k. Let g = k - 306. Let s(w) = -12*w**3 - 2*w**2 + 2*w - 1. What is s(g)?
-13
Let f(v) = 50 - 43*v + 37 + 24 - 61 + 8*v. Give f(2).
-20
Let p(o) = -o**2 + 14*o + 1. Let y be 111/(-259) - 135/(-21). Give p(y).
49
Let o = 6052 - 6049. Let k(n) = -3*n + 3. Let p(d) = 7*d - 5. Let g(q) = 10*k(q) + 4*p(q). Determine g(o).
4
Let l(b) = 2*b + 12. Let x be l(-11). Let v be (12/x)/(8/(-40)). Suppose -12*i - 6 = -v*i. Let j(q) = 2*q + 1. Determine j(i).
-1
Let l(h) = 179*h - 687. Let z(s) = 25*s - 97. Let c(x) = 2*l(x) - 15*z(x). Give c(4).
13
Suppose 5*w + 42 - 50 = -4*o, -4 = -2*o + 2*w. Let u(i) be the second derivative of 0 - 5*i**o + 1/20*i**5 - 5/6*i**4 + 25*i - 11/6*i**3. Calculate u(11).
-10
Let q = 63/4 - 47/3. Let h(j) be the second derivative of 9/2*j**2 + j**3 + 0 + q*j**4 + 11*j. What is h(-6)?
9
Suppose -2*n + 2 - 4 = 0. Let v(x) = -x**2 - x. Let h(t) = 3*t + 1. Let m(q) = n*h(q) - 3*v(q). Suppose -z + 5 = s, -5*z + 3*s = -s + 2. What is m(z)?
11
Suppose -4*p - 12 = 3*m, 8*p - 3*p + 2*m = -22. Let n(h) be the first derivative of 7/3*h**3 + 1/4*h**4 + 2*h + 2*h**2 + 27. Give n(p).
14
Let t be -1 + 3 - (-2 + 2). Let j(i) = -5*i**2 - 54*i - 3. Let g(x) = 20*x**2 + 236*x + 12. Let f(n) = 3*g(n) + 13*j(n). Give f(t).
-11
Let g(q) = q**2 + 9*q - 7. Suppose 36*x + 55*x + 544 = -2. Calculate g(x).
-25
Suppose -2*g + 16 = p, -37*g + 35*g + 2*p + 16 = 0. Let b(l) = l**2 - 11*l + 14. Give b(g).
-10
Suppose 4*o + 16 = -0*o, -2*c = -2*o + 4. Let y(u) = -4*u - 29. Let h be y(c). Let z(p) = 19 - 23 + 3*p + 9. What is z(h)?
-10
Let y(s) = -2*s**2 - 7*s - 4. Let q(x) = x. Let h(v) = -4*v + 31. Let o(b) = h(b) + 3*q(b). Let a be o(8). Suppose -a*g + 8 = -25*g. Give y(g).
-8
Let c(g) = 52234*g + 52231*g - 10 - 104467*g. What is c(-14)?
18
Let n be (3 + -2)/((-15)/(34 + 11)). Let w(s) = -2*s**2 + 6*s + 15. What is w(n)?
-21
Let d(g) = g**3 - g**2 + g - 2. Let k be d(2). Let c be (2 - 0)/((0 + k)/2). Let v(p) = -13*p**2 + 2*p - 1. Calculate v(c).
-12
Let w(o) = 2*o + 6. Let l(v) = 72*v + 256. Let q(g) = -2*l(g) + 76*w(g). Determine q(7).
0
Let j(v) be the third derivative of 0 - 11/24*v**4 + 1/6*v**3 + 0*v + 9*v**2. Let m = 23 - 22. What is j(m)?
-10
Let b be (-6)/(-2 + 0)*1. Suppose -4*g + 12 = -4*h + 4, 0 = 4*h + 5*g - 28. Let l(p) = -4*p - 5 - b*p**h - 1 + 4*p**2. What is l(5)?
-1
Let h = 56 - 102. Let x = h - -52. Let k(f) = x - 64*f - 2 - f**2 - f**3 + 65*f. Determine k(0).
4
Let j(q) = -q**2 + 3*q + 1. Let m be j(3). Let f(a) be the second derivative of a + 1/2*a**2 + 1/4*a**5 + 0*a**4 - 1/3*a**3 + 1. Give f(m).
4
Let z(n) = -n + 3. Let q(h) = h**3 + 5*h**2 + 3*h + 4. Let p be q(-4). Suppose 6*o = -2*o + p. Let s be o - 5/((-20)/8). Give z(s).
0
Let q(y) be the third derivative of 7*y**6/120 + y**5/30 - y**4/8 + y**3/2 + 2*y**2 + 4*y - 11. Calculate q(1).
9
Let c be (-1 - 3)*1 + (-54)/(-2). Let d(u) = c - 38 - u + 19. Give d(6).
-2
Let d(v) = v - 1. Let s(p) = -5*p + 4. Let g(a) = -4*d(a) - s(a). Suppose 4*c + 2*o = 8, 3*c - 24 = 4*o + 26. What is g(c)?
6
Let q = 408 - 230. Suppose -36*n - 502 = -q. Let k(f) = 1 + 2 - 15 - f. Give k(n).
-3
Let w be ((-60)/50)/((-2)/(-5)) + (3 - 8). Let c(i) = -i**2 - 11*i - 18. What is c(w)?
6
Let g(s) = -s**3 + 2*s**2 + 7*s + 5. Let k be 5 + (-4)/(-8)*-10 - (4 - 2). What is g(k)?
7
Suppose -5 = i - 17. Suppose -40*v = -34*v + i. Let d(g) = -2*g**3 + 2*g**2 + 2*g + 2. Calculate d(v).
22
Suppose 7*b + 0*b = -21. Let c(m) = -2*m + 50. Let w be c(24). Let t be (b/1)/(6/(-16)*w). Let g(r) = r**2 - 2*r + 5. Give g(t).
13
Suppose -36*q = 3157 - 349. Let i = -74 - q. Let r(u) = -u**3 + 5*u**2 - u - 4. Give r(i).
8
Let z(q) be the first derivative of q**4/4 + 3*q**3 + 7*q**2 + 6*q - 280. Determine z(-7).
6
Let k(w) = 12*w**3 + 7*w**2 + 5*w**3 + 4*w**3 + 8*w**3 + 9*w - 28*w**3. What is k(-3)?
9
Let o(p) = p**3 + 16*p**2 - 31*p + 36. Let t be o(-20). Let a = 941 + t. Let n(f) = 14*f + 1. What is n(a)?
-41
Let n(p) = -27*p + 132. Let w(a) = -109*a + 491. Let t(x) = -9*n(x) + 2*w(x). Give t(8).
-6
Let p(n) = n**3 - 4*n**2 - 3. Suppose 0 = 6*y + 188 + 190. Let f = -53 - y. Let j(g) = 2*g - 16. Let o be j(f). What is p(o)?
-3
Let f = 6516 + -6523. Let u(j) = -j + 9. Give u(f).
16
Let z = 17775 - 17747. Let y(a) = -a + 23. Give y(z).
-5
Let v(d) be the first derivative of -d**3/3 - 2*d**2 - 5*d + 281. Let s be (10/(-3) - -2)*(-9)/(-6). What is v(s)?
-1
Let m(b) = 3*b**2 - 8*b - 16. Let s(l) = 2*l**2 - 9*l - 14. Let q be (36/30)/((-12)/40). Let x(a) = q*s(a) + 3*m(a). Calculate x(-12).
8
Let f(c) be the first derivative of -2*c**3 - 5*c**2/2 - 2*c + 906. Calculate f(-3).
-41
Let y(u) be the third derivative of 5*u**4/24 - 37*u**3/6 - 154*u**2. Suppose -4*z = -20, 5*z + 30 = 3*c + 28. Give y(c).
8
Let f(q) = q**2 - 4*q - 1. Let g = 27 + -21. Suppose -6 = -0*b - g*b. Suppose -1 = 5*l + 4, x - b = -3*l. Give f(x).
-1
Let y(v) be the third derivative of -v**6/120 + 7*v**5/60 + v**4/8 + 3*v**3/2 + 643*v**2. What is y(6)?
63
Let c(z) = 16 - 3*z**2 + z**2 + 6*z**2 - 6*z**2 + 10*z. Let u be c(6). Let q(a) = -a**3 + 5*a**2 + 3. Determine q(u).
19
Let s(f) = 2*f**2 + 7*f - 3. Let d(r) = 5*r**2 + 14*r - 7. Suppose t - 9 - 8 = -4*w, 4*w - t - 7 = 0. Let q(h) = w*d(h) - 7*s(h). Calculate q(4).
-12
Let d(c) = -6*c**2 + c - 2. Let z be d(1). Let h(i) = 32*i**2 - 16*i - 8. Let m(q) = -31*q**